et l be 235 + 6/(-3) + y. Suppose 5*b + 44 - l = 0. What is the tens digit of b?
3
Let q = 30 - 25. Suppose q*u + 3*z = 447, 3*u - 8*z - 274 = -4*z. What is the tens digit of u?
9
Let v(f) = -5*f + 2. Let a be v(-1). Suppose -t - a + 32 = 0. What is the tens digit of t?
2
Let y(m) = 2*m + 32. Let q(w) = w + 16. Let d(u) = 13*q(u) - 6*y(u). Let k be d(-17). What is the units digit of 57 + (0 - k - -3)?
1
Suppose 427 = -8*v + v. Let j = v + 164. Let o = j - 56. What is the tens digit of o?
4
Let t(c) = -c**3 + 16*c**2 + 4*c - 22. What is the tens digit of t(9)?
8
Suppose -2*o - 3*m + 4710 - 1578 = 0, -5*o = 2*m - 7852. What is the units digit of o?
2
Let v = 323 - 315. What is the units digit of v?
8
Suppose -3*v + 1 = -d, -5*v + 1 + 6 = d. Suppose d*s = 3*s - 2. Suppose s*o - 1 = 3. What is the units digit of o?
2
Let u(k) = k**3 - 9*k**2 - 9*k - 9. Let x(o) = 6*o - 2. Let q be x(2). What is the units digit of u(q)?
1
Let b(u) = 2*u**3 - 7*u**2 + 4*u + 1. Suppose 2*l = -l + 18. Let z be (-7 + 1)/((-9)/l). What is the units digit of b(z)?
3
Let s = 56 + -27. Let o = s + -27. Suppose 54 = q + o*q. What is the units digit of q?
8
Let i = -28 - -37. Suppose p - 71 = 5*w, -3*w + 0*w - i = 0. What is the tens digit of p?
5
Let b be (-5 + 0)*(-14)/(-35). Let t = b + 6. What is the units digit of t?
4
What is the hundreds digit of 3*43*(-62 - -65)?
3
Let b = -206 + 232. What is the units digit of b?
6
Let j = -16 - -17. Let r be j + (127 - (-1 + 3)). Let f = r + -60. What is the units digit of f?
6
Let t = 18 - 21. What is the units digit of (t/(-2))/(-7*8/(-1904))?
1
Let f = -39 + 142. What is the hundreds digit of f?
1
What is the tens digit of (15 - -861)*8/6?
6
Let p = 21 - 16. Suppose 5*q + 188 = s, -p*s + q + 894 = -q. What is the tens digit of s?
7
What is the tens digit of 2/3*((-4524)/(-8) - 3)?
7
Let b(j) = -j**3 + 16*j**2 + 9. Let t be b(16). Suppose t*s = s + 440. What is the tens digit of s?
5
Let w(n) = n**2 + 6*n. Let m be w(-6). Suppose m*y = y - 7. Let u(f) = f**3 - 5*f**2 - 8*f - 4. What is the units digit of u(y)?
8
Let o = -3710 + 7459. What is the tens digit of o?
4
Let i(n) = -n**2 + 3*n + 3. Let r be i(4). What is the hundreds digit of 0 + r + 337 + (-9 - -7)?
3
Let s = -884 - -1953. What is the thousands digit of s?
1
Let s(r) = -r**3 - 6*r**2 - 16*r + 11. Let x be (-34)/6 - 0 - 1/3. What is the units digit of s(x)?
7
Let z(d) = -2*d - 8. Let p be z(-11). Let t = 15 - p. What is the tens digit of 22/((-4)/(-8)*t)?
4
Let v be 0 + 4/((-2)/(-72)*4). What is the units digit of 8*21 - (v/(-1))/(-9)?
4
Suppose -39*x = -77971 + 1687. What is the hundreds digit of x?
9
Let a = -5 - -8. Suppose a*m + 3*y - 158 = 61, 2*m - y - 155 = 0. What is the units digit of m?
6
Let m(x) = 12*x - 445. What is the hundreds digit of m(53)?
1
Let n = 14 - 2. Let c = 57 + n. What is the tens digit of c?
6
Suppose 0 = -2*q + 13 + 1. Suppose -10*g + 309 = -q*g. What is the units digit of g?
3
Suppose -24 = 2*o + 4. What is the units digit of 54/4 + (-7)/o?
4
Let p(x) = -x**3 - 25*x**2 + 3. Let j be p(-25). Let g(z) = 5*z**3 - 5*z**2 + 10*z - 18. What is the tens digit of g(j)?
0
Suppose -22*c + 25*c + 15 = 0. Let t = 63 - 42. Let y = t + c. What is the tens digit of y?
1
Suppose -148*y - 1320 = -192*y. What is the units digit of y?
0
Suppose n = -n + 22. Let m = -6 + n. Let s = m - -14. What is the units digit of s?
9
Suppose -s - s - 12 = 4*i, -2*i = 8. Suppose 0 = s*k - 5*k + 90. What is the units digit of (k + 0)*6/4?
5
Let o(d) = -113*d - 63. What is the tens digit of o(-6)?
1
Suppose -3*m + m = -32. Let n = 6 + -21. Let a = n + m. What is the units digit of a?
1
Suppose -2*s + 3*h = 5, -5*h - 46 - 9 = 3*s. What is the units digit of 1*((-734)/s - 6/15)?
3
Suppose -8 = -5*s + 7. Suppose 14 = s*c - 88. Suppose c = 2*p - 52. What is the tens digit of p?
4
Suppose -5*h = -3*u + 42, h - 3*h = -5*u + 70. Let a(z) = 4*z - 16. What is the units digit of a(u)?
0
Suppose -756*z = -752*z - 112. What is the units digit of z?
8
Let g(u) = u**2 - u - 4. Let s be g(4). Let j(t) = -4*t - 20. Let l(r) = -3*r - 19. Let f(y) = 4*j(y) - 5*l(y). What is the units digit of f(s)?
7
Suppose 0 = -4*j - 137*w + 136*w + 4269, -4279 = -4*j - 3*w. What is the thousands digit of j?
1
Suppose 2*m - 13 + 11 = 0. What is the tens digit of m/4 - (4 - (-455)/(-20))?
1
Let o be (-76)/20 - 1/5. What is the units digit of 6/4*1*(o - -24)?
0
Let r be -10*1/(20/(-8)). What is the tens digit of ((-72)/15)/(r/(-20))?
2
Let y(w) = -760*w - 233. What is the hundreds digit of y(-3)?
0
Let k(w) = -484*w + 249. What is the units digit of k(-6)?
3
Let u be 3/(-6)*(-6 - -6). Suppose t + o + 2*o = 6, u = -2*t - o + 37. What is the tens digit of t?
2
Suppose 8*m = m. Let y be ((-48)/10)/((-1)/5). Let i = y - m. What is the tens digit of i?
2
Let l(i) = 3*i + 3*i + 18 - 11. Let g = -121 - -127. What is the tens digit of l(g)?
4
Let h(w) = 39*w**2 - w + 3. What is the hundreds digit of h(-5)?
9
Suppose 0 = 5*p + 41 + 19. Let i = p - -23. What is the units digit of i?
1
Let v = 2700 - 259. What is the thousands digit of v?
2
Let m be (-3)/27*-3*(9 + -3). Let u = -4 + 8. Suppose 0 = -m*i + u*i - 28. What is the units digit of i?
4
Suppose 0 = 4*m - 9*m. Let i(a) = -a**3 + 3*a**2 + 4*a + 5. Let v be i(4). Suppose -v*z - 5 = -m, 2*l + 3*z = 49. What is the tens digit of l?
2
Suppose 3*p = 2*p + 3*k - 7, 0 = 2*p + 3*k + 14. Let s(h) = -h**3 - 7*h**2 - 2*h + 5. What is the tens digit of s(p)?
1
Let z(q) = 2*q**2 - 23*q + 33. Let n(j) = 2*j + 8. Let f be n(3). What is the units digit of z(f)?
3
Let c = 3485 - 2075. What is the hundreds digit of c?
4
Let k = 24 - 15. Suppose 0 = -3*b + 4*v - 11, -24 + 8 = -2*b - 2*v. What is the units digit of b/k + (-64)/(-6)?
1
Suppose -8109 = -32*v + 2579. What is the hundreds digit of v?
3
Suppose 45 = 5*s + 5*r - 7*r, 0 = -4*r. What is the units digit of s?
9
Suppose j + 6*j - 2730 = 0. Suppose -5*h + j = -5*k, -3*h + 4*k - 8*k + 234 = 0. What is the units digit of h?
8
Let j = 23 + -38. Let y(u) be the second derivative of -2*u**3/3 - 18*u**2 - 19*u. What is the units digit of y(j)?
4
Suppose -5*g + 2*p + 20 = 0, -p = -g - g + 9. Suppose -g*s + 13 = -9. What is the tens digit of s?
1
Suppose -12 = -5*u + 3*i - 0*i, -4*u + i + 4 = 0. Let w be 60/(-45) - (-194)/6. Suppose -3*z + 5 + w = u. What is the tens digit of z?
1
Let u(k) be the first derivative of -k**4/4 + 4*k**3 + 9*k**2 - 22*k - 21. What is the units digit of u(13)?
3
Let p be ((-10)/(-20))/((-2)/164). Let n = p - -21. Let h = 24 + n. What is the units digit of h?
4
Let l(y) = -y. Let j be l(-12). Let k = 39 - j. What is the units digit of k?
7
Let t(q) = -q**2 - 11*q + 11. Let h be t(-11). What is the units digit of 1*(-2)/h + 312/264?
1
Suppose -30*y + 32*y - 4444 = -2*a, 0 = y - 5*a - 2246. What is the thousands digit of y?
2
Let c be ((-266)/35)/(19/(-10) - -2). What is the units digit of 1 - 1/(4/c)?
0
Let g = -92 + 434. What is the tens digit of g?
4
Suppose 45 = -26*w + 21*w. What is the units digit of (-1 - (-556)/12)/((-6)/w)?
8
Suppose -q = -4*q + 150. Suppose -c + q = -6*c. What is the units digit of c/3*(-6)/4?
5
Let f be (2/4)/(6/480). Let h = -29 + f. Let p = h + -7. What is the units digit of p?
4
Suppose y = s - 72, -629 + 266 = -5*s + 4*y. Suppose -4*v + 302 = -5*u, v - s = u - 0*u. What is the tens digit of v + 5 + -4 + 2?
7
Suppose -4*n - 495 = -643. What is the tens digit of n?
3
Suppose b + 2*b + 4*i = 149, -137 = -3*b + 2*i. Suppose 2*v = 2*a + 64, 5*v + b = -5*a + 247. Suppose -201 = -5*t - v. What is the tens digit of t?
3
Suppose 0 = 9*t + 95 - 23. What is the tens digit of (-75)/(t/(-40)*15/(-2))?
5
Let h be ((-1)/3)/((-22)/16698). Suppose 3*b + 25 = h. What is the units digit of b?
6
Suppose 3*x - 5*x = -6. Suppose -x*c = c - 4. Suppose -y + 3 + c = 0, -50 = -3*b - 2*y. What is the units digit of b?
4
Let b = -12 + 14. Suppose 2*o + b*g = -0*o + 10, 3*o + 5*g = 17. Suppose -o*l - 65 = -5*c, -4*l + 0*l = -20. What is the tens digit of c?
1
Suppose 0*c - 4*c - 5*i + 245 = 0, 2*i = -6. Let t be -2*(-3)/(-6)*c. Let v = -9 - t. What is the tens digit of v?
5
Let i(b) = 7*b**3 + b**2 + 7*b - 8. Let v be i(4). What is the units digit of (v/6)/((80/24)/5)?
1
Let d = -23 - -38. Let v = -12 